526.
3842
What is the highest common factor of 354501040 and 28176?
9392
What is the greatest common divisor of 24434524 and 328?
164
What is the highest common factor of 5355 and 4222953?
1071
What is the greatest common factor of 24747 and 2090274?
339
Calculate the highest common factor of 206012 and 10228.
4
Calculate the greatest common divisor of 63825 and 8832.
69
What is the highest common factor of 6856321 and 5168?
323
What is the greatest common divisor of 70324 and 1568?
4
Calculate the highest common factor of 3475995750 and 90.
90
What is the highest common factor of 39 and 9674314?
13
What is the highest common divisor of 1338 and 61008117?
669
What is the greatest common divisor of 41134719 and 163002?
11643
What is the highest common divisor of 11100185 and 85840?
5365
Calculate the highest common factor of 72 and 1077774.
6
What is the highest common divisor of 99234 and 19566?
18
What is the greatest common divisor of 2240418 and 157470?
1086
What is the greatest common factor of 12686 and 1315297166?
12686
What is the greatest common factor of 1661 and 33424303?
1661
Calculate the highest common divisor of 17076789 and 8406.
4203
Calculate the greatest common divisor of 22306999 and 1551.
517
Calculate the highest common factor of 135 and 16453595.
5
Calculate the highest common divisor of 108141855 and 5.
5
Calculate the greatest common divisor of 129270 and 1894570.
1390
Calculate the highest common divisor of 289 and 1631507.
17
What is the highest common factor of 58 and 12283762?
58
What is the greatest common divisor of 17218188 and 24?
12
Calculate the greatest common divisor of 12061161 and 2142.
63
Calculate the highest common divisor of 28942749 and 66.
33
What is the greatest common divisor of 22185 and 3039635?
145
What is the greatest common factor of 93868 and 2374972?
124
Calculate the highest common divisor of 26662398 and 6645.
1329
What is the greatest common factor of 17733864 and 3597?
327
Calculate the highest common factor of 159 and 11400671.
53
What is the highest common divisor of 113 and 19354301?
113
Calculate the greatest common divisor of 948748616 and 4.
4
Calculate the greatest common factor of 8955854 and 445378.
5366
What is the greatest common divisor of 27 and 146479?
1
Calculate the greatest common factor of 19674550 and 1750.
350
Calculate the highest common divisor of 1317734 and 3212.
22
What is the highest common divisor of 304956065 and 3725?
745
Calculate the highest common factor of 603151 and 8977.
47
What is the highest common factor of 47753667 and 30927?
2379
What is the highest common factor of 10109112 and 48?
24
Calculate the highest common factor of 3639350 and 4180.
110
Calculate the greatest common divisor of 37984170 and 1146.
1146
What is the highest common factor of 17976 and 2402428?
28
What is the highest common factor of 711199 and 9167?
89
Calculate the greatest common factor of 74066 and 416266.
58
What is the highest common factor of 63885041 and 22?
11
Calculate the highest common factor of 85183 and 40592.
43
Calculate the greatest common divisor of 835767 and 1773.
9
Calculate the highest common factor of 1884 and 14413542.
942
Calculate the greatest common divisor of 18400 and 43260700.
2300
What is the highest common factor of 56838474 and 6930?
1386
What is the highest common factor of 3741 and 192762507?
3741
What is the highest common factor of 11890527 and 2607?
2607
Calculate the highest common factor of 18506484 and 29852.
1756
Calculate the highest common factor of 2812482 and 918.
54
Calculate the greatest common factor of 242727849 and 34008.
4251
What is the highest common divisor of 116 and 80179084?
116
Calculate the highest common divisor of 8888526 and 15.
3
Calculate the greatest common divisor of 1692 and 385495692.
564
What is the highest common factor of 282159038 and 1281?
427
Calculate the greatest common factor of 36 and 16463970.
18
Calculate the highest common divisor of 4352 and 2676616.
136
Calculate the greatest common factor of 59817 and 10771299.
471
Calculate the highest common divisor of 26036 and 282.
2
What is the greatest common factor of 2817098 and 86600?
866
Calculate the greatest common factor of 391 and 31119.
23
What is the greatest common factor of 176054 and 926231?
779
Calculate the highest common divisor of 56 and 663273030.
14
Calculate the highest common factor of 103460139 and 1145.
229
What is the highest common factor of 1947657 and 19248?
1203
What is the greatest common divisor of 1624383 and 7148?
1787
What is the greatest common divisor of 42990 and 10140?
30
Calculate the greatest common divisor of 101664 and 595008.
288
What is the greatest common factor of 169277 and 11704961?
1553
Calculate the highest common factor of 2570536 and 1224.
136
Calculate the highest common factor of 3794 and 275878.
542
Calculate the greatest common divisor of 202 and 68377.
101
Calculate the greatest common divisor of 248743710 and 810.
810
Calculate the highest common factor of 1833800 and 24910.
530
Calculate the highest common divisor of 3550150 and 494.
38
What is the greatest common factor of 23 and 175672505?
23
Calculate the highest common factor of 1675 and 130825.
25
Calculate the highest common factor of 2365077 and 3445923.
5811
What is the highest common divisor of 267389424 and 6?
6
Calculate the highest common divisor of 90958927 and 2869.
151
Calculate the highest common divisor of 11329180 and 15.
5
What is the highest common factor of 5 and 548353765?
5
Calculate the highest common divisor of 472 and 143507765.
59
Calculate the greatest common divisor of 68687554 and 39.
13
Calculate the greatest common divisor of 49777134 and 48422.
682
Calculate the greatest common divisor of 82 and 511682.
2
Calculate the greatest common divisor of 3009696 and 112564.
428
Calculate the greatest common divisor of 2215150 and 20790.
70
Calculate the greatest common factor of 23650 and 846850.
50
Calculate the greatest common factor of 14339008 and 448.
64
What is the greatest common factor of 90629154 and 184?
46
Calculate the highest common factor of 5926038 and 130017.
6843
What is the greatest common factor of 6301403 and 37771?
353
Calculate the highest common factor of 32340 and 5672436.
6468
Calculate the greatest common divisor of 6215 and 560485.
5
What is the greatest common factor of 4173186 and 441314?
1678
What is the highest common factor of 223360254 and 26?
26
Calculate the highest common factor of 644012 and 19339.
233
What is the highest common factor of 470175 and 825?
75
Calculate the highest common factor of 1665534 and 167727.
489
Calculate the greatest common factor of 1277 and 80618287.
1277
Calculate the greatest common factor of 276830208 and 207.
207
Calculate the greatest common factor of 1813 and 370100381.
1813
What is the greatest common divisor of 371363 and 698435?
3407
What is the highest common divisor of 105700732 and 92?
92
What is the greatest common divisor of 5 and 9036215?
5
Calculate the greatest common divisor of 854532 and 672.
84
What is the highest common divisor of 19267590 and 90?
30
What is the greatest common factor of 7030 and 402610?
190
Calculate the highest common factor of 231544 and 56762.
562
What is the greatest common divisor of 52421 and 19437?
589
Calculate the highest common factor of 141772 and 6164.
6164
Calculate the highest common divisor of 3848802 and 132.
6
Calculate the greatest common factor of 1000205016 and 74.
74
What is the greatest common divisor of 1422 and 679932?
18
Calculate the greatest common divisor of 1300 and 17197310.
130
Calculate the highest common divisor of 97202 and 105214222.
13886
What is the greatest common factor of 22992 and 3392757?
1437
Calculate the greatest common divisor of 2697 and 122496.
87
Calculate the highest common factor of 863 and 348980803.
863
Calculate the highest common factor of 65424312 and 72.
72
What is the greatest common divisor of 1006 and 2134497602?
1006
Calculate the highest common factor of 8 and 2074130056.
8
Calculate the greatest common divisor of 92856 and 238500.
636
What is the greatest common divisor of 204723 and 837?
9
Calculate the greatest common divisor of 442267 and 1041992.
161
Wha